ite number?
False
Is 2243203 a prime number?
True
Is 40053757 composite?
True
Is 1168871 a composite number?
True
Is 18933679 prime?
True
Is 60269059 prime?
True
Is 32518043 a prime number?
False
Is 2617177 a composite number?
True
Is 3893431 prime?
True
Is 2521909 prime?
False
Is 29628811 a prime number?
True
Is 688918249 a composite number?
True
Is 6835498 composite?
True
Is 290461 prime?
False
Is 576687 a prime number?
False
Is 8459603 a prime number?
True
Is 72575119 a composite number?
False
Is 302563 a composite number?
False
Is 414913 composite?
False
Is 23264267 a prime number?
False
Is 21416023 a composite number?
False
Is 265703 prime?
True
Is 168545723 prime?
True
Is 8967983 a prime number?
True
Is 280376071 composite?
True
Is 3722519 a composite number?
False
Is 81374141 a composite number?
True
Is 5294629 prime?
False
Is 137126027 prime?
False
Is 80604959 a prime number?
False
Is 53354614 a composite number?
True
Is 833389 a prime number?
True
Is 2066501 prime?
True
Is 305537 prime?
False
Is 1601251 prime?
False
Is 2668355 a composite number?
True
Is 132775657 a composite number?
True
Is 74673593 prime?
False
Is 267902003 composite?
False
Is 19696861 prime?
False
Is 60887711 composite?
False
Is 19749757 prime?
True
Is 2397263 a composite number?
True
Is 20467945 composite?
True
Is 488921729 prime?
True
Is 29416297 prime?
False
Is 25107779 a prime number?
True
Is 1183783 composite?
True
Is 44718437 prime?
True
Is 31893427 composite?
False
Is 5336591 a composite number?
True
Is 601733459 a composite number?
False
Is 2532839 composite?
False
Is 110752721 prime?
True
Is 143840831 a prime number?
False
Is 7172273 a composite number?
True
Is 292465853 a composite number?
False
Is 17054659 a composite number?
False
Is 414942337 a composite number?
True
Is 3722117 a prime number?
False
Is 23035147 prime?
False
Is 49863959 composite?
False
Is 702199 a composite number?
False
Is 7842827 a composite number?
False
Is 213860195 a composite number?
True
Is 4701283 a prime number?
False
Is 373349033 composite?
False
Is 191813777 prime?
False
Is 3774059 prime?
False
Is 17812357 composite?
False
Is 1709399 a composite number?
True
Is 11361619 a composite number?
True
Is 132676409 prime?
True
Is 3173953 a prime number?
True
Is 40908041 prime?
True
Is 15985547 a composite number?
False
Is 3508667 composite?
False
Is 5608033 composite?
False
Is 120629041 a composite number?
True
Is 297590737 a composite number?
False
Is 7979299 composite?
True
Is 6472859 a composite number?
False
Is 158963807 a prime number?
True
Is 509990519 prime?
False
Is 3863785 a prime number?
False
Is 394547 a prime number?
False
Is 197942269 a prime number?
False
Is 2034041 composite?
False
Is 592351 a prime number?
True
Is 43448169 prime?
False
Is 1258149 a composite number?
True
Is 16772393 prime?
False
Is 3518003 a prime number?
False
Is 34745639 a prime number?
True
Is 1194231199 a prime number?
False
Is 7577693 a composite number?
True
Is 166093822 a composite number?
True
Is 7300801 a composite number?
False
Is 13013827 composite?
False
Is 13282429 a prime number?
False
Is 11427641 composite?
True
Is 10278707 prime?
False
Is 138823 a composite number?
True
Is 63647783 a prime number?
False
Is 485316179 a prime number?
True
Is 575819 a prime number?
False
Is 3354503 prime?
True
Is 10430743 composite?
True
Is 174059449 prime?
False
Is 433766881 a composite number?
True
Is 4957019 a prime number?
True
Is 64716485 a prime number?
False
Is 3050993 composite?
True
Is 17629121 composite?
False
Is 2882041 a composite number?
True
Is 26828387 a composite number?
True
Is 62001949 a composite number?
True
Is 15394819 a composite number?
True
Is 19156271 a composite number?
True
Is 14063503 prime?
True
Is 14297347 a prime number?
True
Is 2361971 prime?
False
Is 6034957 prime?
True
Is 968483 a composite number?
True
Is 12028119 prime?
False
Is 72674047 a composite number?
False
Is 10426027 a prime number?
False
Is 4312961 a composite number?
False
Is 272250371 composite?
False
Is 16995073 prime?
False
Is 50231299 a prime number?
True
Is 6061613 a prime number?
False
Is 244858737 a composite number?
True
Is 492875243 composite?
True
Is 856021 prime?
True
Is 840613 a composite number?
True
Is 904745 a prime number?
False
Is 79855127 prime?
False
Is 686611 a prime number?
True
Is 963803 composite?
True
Is 123120479 prime?
True
Is 37969073 composite?
False
Is 9334687 composite?
True
Is 2244019 a prime number?
False
Is 83242121 a composite number?
False
Is 7038689 composite?
True
Is 3056923 a prime number?
False
Is 654253 a prime number?
False
Is 5702449 prime?
True
Is 131578 prime?
False
Is 665401855 a prime number?
False
Is 1280749 composite?
True
Is 26048095 a composite number?
True
Is 3024733 a prime number?
True
Is 230647 a composite number?
False
Is 15164371 composite?
False
Is 152791433 a prime number?
True
Is 113243979 a prime number?
False
Is 267632369 a composite number?
False
Is 77389966 prime?
False
Is 14211211 composite?
True
Is 165067 prime?
False
Is 1622951 composite?
True
Is 2444983 a prime number?
True
Is 258061 prime?
True
Is 631535 a composite number?
True
Is 777047 composite?
True
Is 12922177 a composite number?
True
Is 81171383 prime?
False
Is 115099 a prime number?
True
Is 36022013 a prime number?
True
Is 3352267 a prime number?
True
Is 4840177 prime?
True
Is 2292523 composite?
False
Is 9751621 composite?
True
Is 22122089 a composite number?
True
Is 13122119 prime?
True
Is 544961 a composite number?
False
Is 679621 a prime number?
False
Is 371849987 a composite number?
False
Is 2613473 composite?
True
Is 698881319 prime?
False
Is 708751 prime?
True
Is 98608711 prime?
True
Is 51385871 prime?
False
Is 2589397 composite?
False
Is 26254003 a prime number?
True
Is 202115 a prime number?
False
Is 20087773 a composite number?
False
Is 324497741 a prime number?
True
Is 11295143 prime?
True
Is 6537071 prime?
False
Is 1522249 a prime number?
True
Is 6956251 prime?
True
Is 182327 prime?
False
Is 9022493 a composite number?
False
Is 373903 prime?
True
Is 2429494561 composite?
True
Is 421493 a composite number?
False
Is 14150299 a prime number?
True
Is 4206409 a prime number?
True
Is 3123569 prime?
False
Is 6114019 a composite number?
False
Is 13419293 prime?
True
Is 573317597 a prime number?
True
Is 43471187 a prime number?
True
Is 3487921 a composite number?
False
Is 99643 a prime number?
True
Is 2126869 prime?
False
Is 367949 prime?
True
Is 12222271 a composite number?
False
Is 5888329 composite?
True
Is 199761467 prime?
True
Is 99963659 prime?
True
Is 63061907 prime?
True
Is 25585661 prime?
True
Is 5518267 prime?
False
Is 29759147 a prime number?
False
Is 3517049 composite?
True
Is 66517019 prime?
True
Is 12228527 a composite number?
False
Is 293194897 prime?
False
Is 2963251 a prime number?
False
Is 64101913 composite?
True
Is 1432027 composite?
True
Is 47753431 composite?
True
Is 2027869 a composite number?
False
Is 59272661 a prime number?
False
Is 4037654 a prime number?
False
Is 6907847 a composite number?
False
Is 102916151 a composite number?
True
Is 485929 a prime number?
False
Is 4805357 prime?
True
Is 252010853 a composite number?
False
Is 120679969 prime?
True
Is 40493991 a prime number?
False
Is 235831546 composite?
True
Is 11309393 a prime number?
True
Is 177181 a composite number?
True
Is 184046377 a composite number?
True
Is 10672369 composite?
False
Is 64369883 prime?
True
Is 3865046 a prime number?
False
Is 73047817 composite?
False
Is 4542011 a composite number?
False
Is 751857 prime?
False
Is 128213 a composite number?
False
Is 6520919 a composite number?
False
Is 18307841 a composite number?
True
Is 86916229 prime?
False
Is 3527869 a prime number?
True
Is 51132469 composite?
True
Is 33629851 prime?
True
Is 13811893 a composite number?
False
Is 22327189 a prime number?
False
Is 34185133 prime?
True
Is 14680183 a composite number?
True
Is 3258977 prime?
True
Is 1636591 composite?
True
Is 9564449 prime?
True
Is 12617971 a composite number?
True
Is 6520099 composite?
True
Is 140403827 composite?
False
Is 3042386 composite?
True
Is 52063747 prime?
True
Is 5839901 prime?
True
Is 5234282 prime?
False
Is 481443 a composite number?
True
Is 516717277 a composit